{"id":165002,"date":"2020-09-11T16:21:14","date_gmt":"2020-09-11T16:21:14","guid":{"rendered":"https:\/\/2020.internetfestival.it\/?post_type=programma&#038;p=165002"},"modified":"2020-11-20T14:06:20","modified_gmt":"2020-11-20T14:06:20","slug":"come-comunicare-la-scienza","status":"publish","type":"programma","link":"https:\/\/2020.internetfestival.it\/en\/programma\/come-comunicare-la-scienza\/","title":{"rendered":"Ripensare l\u2019ufficio nell\u2019era post-crisi (o del \u201cnew normal\u201d)"},"content":{"rendered":"<h5><span data-sheets-formula-bar-text-style=\"font-size:8px;color:#000000;font-weight:normal;text-decoration:none;font-family:'docs-Calibri';font-style:normal;text-decoration-skip-ink:none;\">Organizzato da CNR-IEIIT in collaborazione con Internet Festival<\/span><\/h5>\n<p>Nel 2020 l\u2019evangelizzazione informatica dopo di un decennio di innovazione tecnologica ha prodotto importanti cambiamenti nelle aziende pi\u00f9 sensibili, ed il lavoro agile ha cominciato a caratterizzare non solo start up o aziende di ultima generazione ma anche chi ha saputo cogliere questa opportunit\u00e0 nonostante un quadro normativo scarno e in fase di evoluzione.<\/p>\n<p>Nuove parole, concetti e principi ispiratori stanno invadendo il mondo del lavoro, e vale la pena caprine la genesi e il significato per meglio calarsi nella realt\u00e0 moderna, nel new way of working. Per affrontare le sfide della modernit\u00e0\u0300 e realizzare la sua visione di azienda agile e innovativa, Generali ha sviluppato nuove capacit\u00e0 e competenze dedicate al luogo fisico del lavoro. Non solo valorizzando la comunicazione e lo scambio di informazioni a tutti i livelli ma anche coinvolgendo i collaboratori per condividere e generare nuove idee con progetti innovativi. E per migliorare la qualit\u00e0 degli spazi di lavoro ha individuato una serie di regole in un manuale di allestimento che tenga in considerazione le esigenze di un nuovo e moderno modo di lavorare. Ma le ultime sfide sono improvvisamente arrivate con l&#8217;emergenza sanitaria, che ha revisionato in parte la modalit\u00e0 di lavoro.<\/p>\n<p>Il remote working, finora colto come una opportunit\u00e0 da una nicchia di imprese che ne hanno apprezzato i benefici individuali e sociali, \u00e8 diventato la regola di tutte le aziende, anche quelle meno preparate che si sono trovate costrette ad accogliere questo passaggio obbligato, verso un futuro dal quale difficilmente si torner\u00e0 completamente indietro. I vantaggi sono stati apprezzati e i cambiamenti organizzativi del lavoro possono anche portare a incrementi della produttivit\u00e0, attrarre talenti, ridurre costi e identificare nuovi prodotti e servizi. La crisi ha rappresentato una accelerazione della digitalizzazione che offre una esperienza di maggiore ubiquit\u00e0, fornisce sinergie nei servizi ed agilit\u00e0 e permette una maggiore attenzione al benessere ed alla flessibilit\u00e0 dei dipendenti.<\/p>\n<p>Ma il nuovo paradigma culturale della remotizzazione del lavoro non pu\u00f2 prescindere dalla necessit\u00e0 di ridurre le distanze, dialogare e socializzare stimolare la creativit\u00e0 con l\u2019incontro in luogo fisico, alternativo agli strumenti digitali e nel rispetto delle regole sanitarie imposte dalle recenti esperienze.<\/p>\n<p>L\u2019ufficio, o i luoghi fisici di coworking e di lavoro agile cambieranno aspetto e dimensioni ma resteranno il luogo alternativo alle case dove incontrarsi, distillare la cultura aziendale, riconoscere e aggregare idee, formarsi e istituire la relazione di appartenenze al proprio gruppo.<\/p>\n<p>Una nuova visione delle potenzialit\u00e0 offerte dalla spinta della crisi sanitaria potr\u00e0 migliorare il lavoro ed aprire a potenzialit\u00e0 prima non considerate.<\/p>","protected":false},"excerpt":{"rendered":"<p>Organizzato da CNR-IEIIT in collaborazione con Internet Festival Nel 2020 l\u2019evangelizzazione informatica dopo di un &#8230; <a title=\"Ripensare l\u2019ufficio nell\u2019era post-crisi (o del \u201cnew normal\u201d)\" class=\"read-more\" href=\"https:\/\/2020.internetfestival.it\/en\/programma\/come-comunicare-la-scienza\/\" aria-label=\"More on Ripensare l\u2019ufficio nell\u2019era post-crisi (o del \u201cnew normal\u201d)\">Read more<\/a><\/p>","protected":false},"author":6,"featured_media":166561,"menu_order":0,"template":"","format":"standard","meta":[],"area_tematica":[58],"sedi":[],"protagonisti":[],"tipo_evento":[],"keywords":[],"target_evento":[],"lingua":[],"yoast_head":"<!-- This site is optimized with the Yoast SEO plugin v15.7 - https:\/\/yoast.com\/wordpress\/plugins\/seo\/ -->\n<title>Ripensare l\u2019ufficio nell\u2019era post-crisi (o del \u201cnew normal\u201d) - IF2020<\/title>\n<meta name=\"robots\" content=\"index, follow, max-snippet:-1, max-image-preview:large, max-video-preview:-1\" \/>\n<link rel=\"canonical\" href=\"https:\/\/2020.internetfestival.it\/en\/programma\/come-comunicare-la-scienza\/\" \/>\n<meta property=\"og:locale\" content=\"en_US\" \/>\n<meta property=\"og:type\" content=\"article\" \/>\n<meta property=\"og:title\" content=\"Ripensare l\u2019ufficio nell\u2019era post-crisi (o del \u201cnew normal\u201d) - IF2020\" \/>\n<meta property=\"og:description\" content=\"Organizzato da CNR-IEIIT in collaborazione con Internet Festival Nel 2020 l\u2019evangelizzazione informatica dopo di un ... Read more\" \/>\n<meta property=\"og:url\" content=\"https:\/\/2020.internetfestival.it\/en\/programma\/come-comunicare-la-scienza\/\" \/>\n<meta property=\"og:site_name\" content=\"IF2020\" \/>\n<meta property=\"article:modified_time\" content=\"2020-11-20T14:06:20+00:00\" \/>\n<meta property=\"og:image\" content=\"https:\/\/2020.internetfestival.it\/wp-content\/uploads\/2020\/09\/Copertina_Ita_ARBUSCHI_IF2020-1024x768.png\" \/>\n\t<meta property=\"og:image:width\" content=\"1024\" \/>\n\t<meta property=\"og:image:height\" content=\"768\" \/>\n<meta name=\"twitter:card\" content=\"summary_large_image\" \/>\n<meta name=\"twitter:label1\" content=\"Est. reading time\">\n\t<meta name=\"twitter:data1\" content=\"2 minutes\">\n<script type=\"application\/ld+json\" class=\"yoast-schema-graph\">{\"@context\":\"https:\/\/schema.org\",\"@graph\":[{\"@type\":\"WebSite\",\"@id\":\"https:\/\/2020.internetfestival.it\/#website\",\"url\":\"https:\/\/2020.internetfestival.it\/\",\"name\":\"IF2020\",\"description\":\"Forme di Futuro\",\"potentialAction\":[{\"@type\":\"SearchAction\",\"target\":\"https:\/\/2020.internetfestival.it\/?s={search_term_string}\",\"query-input\":\"required name=search_term_string\"}],\"inLanguage\":\"en-US\"},{\"@type\":\"ImageObject\",\"@id\":\"https:\/\/2020.internetfestival.it\/programma\/come-comunicare-la-scienza\/#primaryimage\",\"inLanguage\":\"en-US\",\"url\":\"https:\/\/2020.internetfestival.it\/wp-content\/uploads\/2020\/09\/Copertina_Ita_ARBUSCHI_IF2020.png\",\"width\":1497,\"height\":1123},{\"@type\":\"WebPage\",\"@id\":\"https:\/\/2020.internetfestival.it\/programma\/come-comunicare-la-scienza\/#webpage\",\"url\":\"https:\/\/2020.internetfestival.it\/programma\/come-comunicare-la-scienza\/\",\"name\":\"Ripensare l\\u2019ufficio nell\\u2019era post-crisi (o del \\u201cnew normal\\u201d) - IF2020\",\"isPartOf\":{\"@id\":\"https:\/\/2020.internetfestival.it\/#website\"},\"primaryImageOfPage\":{\"@id\":\"https:\/\/2020.internetfestival.it\/programma\/come-comunicare-la-scienza\/#primaryimage\"},\"datePublished\":\"2020-09-11T16:21:14+00:00\",\"dateModified\":\"2020-11-20T14:06:20+00:00\",\"inLanguage\":\"en-US\",\"potentialAction\":[{\"@type\":\"ReadAction\",\"target\":[\"https:\/\/2020.internetfestival.it\/programma\/come-comunicare-la-scienza\/\"]}]}]}<\/script>\n<!-- \/ Yoast SEO plugin. -->","_links":{"self":[{"href":"https:\/\/2020.internetfestival.it\/en\/wp-json\/wp\/v2\/programma\/165002"}],"collection":[{"href":"https:\/\/2020.internetfestival.it\/en\/wp-json\/wp\/v2\/programma"}],"about":[{"href":"https:\/\/2020.internetfestival.it\/en\/wp-json\/wp\/v2\/types\/programma"}],"author":[{"embeddable":true,"href":"https:\/\/2020.internetfestival.it\/en\/wp-json\/wp\/v2\/users\/6"}],"version-history":[{"count":11,"href":"https:\/\/2020.internetfestival.it\/en\/wp-json\/wp\/v2\/programma\/165002\/revisions"}],"predecessor-version":[{"id":166602,"href":"https:\/\/2020.internetfestival.it\/en\/wp-json\/wp\/v2\/programma\/165002\/revisions\/166602"}],"wp:featuredmedia":[{"embeddable":true,"href":"https:\/\/2020.internetfestival.it\/en\/wp-json\/wp\/v2\/media\/166561"}],"wp:attachment":[{"href":"https:\/\/2020.internetfestival.it\/en\/wp-json\/wp\/v2\/media?parent=165002"}],"wp:term":[{"taxonomy":"area_tematica","embeddable":true,"href":"https:\/\/2020.internetfestival.it\/en\/wp-json\/wp\/v2\/area_tematica?post=165002"},{"taxonomy":"sedi","embeddable":true,"href":"https:\/\/2020.internetfestival.it\/en\/wp-json\/wp\/v2\/sedi?post=165002"},{"taxonomy":"protagonisti","embeddable":true,"href":"https:\/\/2020.internetfestival.it\/en\/wp-json\/wp\/v2\/protagonisti?post=165002"},{"taxonomy":"tipo_evento","embeddable":true,"href":"https:\/\/2020.internetfestival.it\/en\/wp-json\/wp\/v2\/tipo_evento?post=165002"},{"taxonomy":"keywords","embeddable":true,"href":"https:\/\/2020.internetfestival.it\/en\/wp-json\/wp\/v2\/keywords?post=165002"},{"taxonomy":"target_evento","embeddable":true,"href":"https:\/\/2020.internetfestival.it\/en\/wp-json\/wp\/v2\/target_evento?post=165002"},{"taxonomy":"lingua","embeddable":true,"href":"https:\/\/2020.internetfestival.it\/en\/wp-json\/wp\/v2\/lingua?post=165002"}],"curies":[{"name":"wp","href":"https:\/\/api.w.org\/{rel}","templated":true}]}}

<h5><span data-sheets-formula-bar-text-style="font-size:8px;color:#000000;font-weight:normal;text-decoration:none;font-family:'docs-Calibri';font-style:normal;text-decoration-skip-ink:none;">Organizzato da CNR-IEIIT in collaborazione con Internet Festival</span></h5>
<p>Nel 2020 l’evangelizzazione informatica dopo di un decennio di innovazione tecnologica ha prodotto importanti cambiamenti nelle aziende più sensibili, ed il lavoro agile ha cominciato a caratterizzare non solo start up o aziende di ultima generazione ma anche chi ha saputo cogliere questa opportunità nonostante un quadro normativo scarno e in fase di evoluzione.</p>
<p>Nuove parole, concetti e principi ispiratori stanno invadendo il mondo del lavoro, e vale la pena caprine la genesi e il significato per meglio calarsi nella realtà moderna, nel new way of working. Per affrontare le sfide della modernità̀ e realizzare la sua visione di azienda agile e innovativa, Generali ha sviluppato nuove capacità e competenze dedicate al luogo fisico del lavoro. Non solo valorizzando la comunicazione e lo scambio di informazioni a tutti i livelli ma anche coinvolgendo i collaboratori per condividere e generare nuove idee con progetti innovativi. E per migliorare la qualità degli spazi di lavoro ha individuato una serie di regole in un manuale di allestimento che tenga in considerazione le esigenze di un nuovo e moderno modo di lavorare. Ma le ultime sfide sono improvvisamente arrivate con l&#8217;emergenza sanitaria, che ha revisionato in parte la modalità di lavoro.</p>
<p>Il remote working, finora colto come una opportunità da una nicchia di imprese che ne hanno apprezzato i benefici individuali e sociali, è diventato la regola di tutte le aziende, anche quelle meno preparate che si sono trovate costrette ad accogliere questo passaggio obbligato, verso un futuro dal quale difficilmente si tornerà completamente indietro. I vantaggi sono stati apprezzati e i cambiamenti organizzativi del lavoro possono anche portare a incrementi della produttività, attrarre talenti, ridurre costi e identificare nuovi prodotti e servizi. La crisi ha rappresentato una accelerazione della digitalizzazione che offre una esperienza di maggiore ubiquità, fornisce sinergie nei servizi ed agilità e permette una maggiore attenzione al benessere ed alla flessibilità dei dipendenti.</p>
<p>Ma il nuovo paradigma culturale della remotizzazione del lavoro non può prescindere dalla necessità di ridurre le distanze, dialogare e socializzare stimolare la creatività con l’incontro in luogo fisico, alternativo agli strumenti digitali e nel rispetto delle regole sanitarie imposte dalle recenti esperienze.</p>
<p>L’ufficio, o i luoghi fisici di coworking e di lavoro agile cambieranno aspetto e dimensioni ma resteranno il luogo alternativo alle case dove incontrarsi, distillare la cultura aziendale, riconoscere e aggregare idee, formarsi e istituire la relazione di appartenenze al proprio gruppo.</p>
<p>Una nuova visione delle potenzialità offerte dalla spinta della crisi sanitaria potrà migliorare il lavoro ed aprire a potenzialità prima non considerate.</p>
